{"id":521,"date":"2020-04-24T14:29:08","date_gmt":"2020-04-24T21:29:08","guid":{"rendered":"http:\/\/mathtalk.sdsu.edu\/wordpress\/?page_id=521"},"modified":"2024-07-02T12:55:16","modified_gmt":"2024-07-02T19:55:16","slug":"publications-that-inspired-the-mathtalk-project","status":"publish","type":"page","link":"https:\/\/mathtalk.sdsu.edu\/wordpress\/mathtalk-for-researchers\/publications-that-inspired-the-mathtalk-project\/","title":{"rendered":"Literature that Inspired Project MathTalk"},"content":{"rendered":"\n<a name=\"vicarious\"><\/a>\n\n\n\n<p class=\"has-very-light-gray-background-color has-background\"><a href=\"#vicarious\">Vicarious Learning<\/a>&nbsp;&nbsp;&nbsp;&nbsp;&nbsp;<a href=\"#design\">Design Principles<\/a>&nbsp;&nbsp;&nbsp;&nbsp;&nbsp;<a href=\"#online\">Video Use<\/a><\/p>\n\n\n\n<p class=\"has-text-color has-link-color wp-elements-033828e0e7c2f321444f888eb4739114\" style=\"color:#2759c5\"><strong>Vicarious Learning<\/strong><\/p>\n\n\n\n<p><em>Learning by observing video- or audio-taped presentations of other people engaged in dialogue.<\/em><\/p>\n\n\n\n<p><a href=\"https:\/\/ejrsme.icrsme.com\/article\/view\/7381\" target=\"_blank\" rel=\"noreferrer noopener\">Boesdorfer, S., Lorsbach, A., &amp; Morey, M. (2011).<\/a>&nbsp;Using a vicarious learning event to create a conceptual change in preservice teachers\u2019 understandings of the seasons.&nbsp;<em>Electronic Journal of Science Education<\/em>,&nbsp;<em>15<\/em>(1).&nbsp;<\/p>\n\n\n\n<p><a href=\"https:\/\/onlinelibrary.wiley.com\/doi\/pdf\/10.1080\/03640210701863396\" target=\"_blank\" rel=\"noreferrer noopener\">Chi, M., Roy, M., &amp; Hausmann, R. (2008).<\/a>&nbsp;Observing tutorial dialogues collaboratively: Insights about human tutoring effectiveness from vicarious learning.&nbsp;<em>Cognitive Science: A Multidisciplinary Journal<\/em>,&nbsp;<em>32<\/em>(2), 301\u2013341.&nbsp;<\/p>\n\n\n\n<p><a href=\"https:\/\/www.tandfonline.com\/doi\/abs\/10.1080\/10508406.2016.1204546\" target=\"_blank\" rel=\"noreferrer noopener\">Chi, M. T., Kang, S., &amp; Yaghmourian, D. L. (2017).<\/a>\u00a0Why students learn more from dialogue- than monologue-videos: Analyses of peer interactions.\u00a0<em>Journal of the Learning Sciences<\/em>, 26(1), 10-50.<\/p>\n\n\n\n<p><a href=\"https:\/\/www.tandfonline.com\/doi\/pdf\/10.1207\/s1532690xci2404_4?casa_token=coFCzETw4QMAAAAA:wcT5bDyAJpCHlNHl8BXTM6PdO4toRm2dnaSKpAhrPCihfujrBNkdvJr7PFw3zdI85TRpusC6lmp2\" target=\"_blank\" rel=\"noreferrer noopener\">Craig, S. D., Sullins, J., Witherspoon, A., &amp; Gholson, B. (2010).<\/a>&nbsp;The deep-level-reasoning-question effect: The role of dialogue and deep-level-reasoning questions during vicarious learning.&nbsp;<em>Cognition and Instruction<\/em>,&nbsp;<em>24<\/em>(4), 565\u2013591.&nbsp;<\/p>\n\n\n\n<p><a href=\"https:\/\/link.springer.com\/article\/10.1007\/s10649-010-9262-5\" target=\"_blank\" rel=\"noreferrer noopener\">Kolikant, Y. B. D., &amp; Broza, O. (2011).<\/a>&nbsp;The effect of using a video clip presenting a contextual story on low-achieving students\u2019 mathematical discourse.&nbsp;<em>Educational studies in mathematics<\/em>,&nbsp;<em>76<\/em>(1), 23-47.<\/p>\n\n\n\n<p><a href=\"https:\/\/journals.sagepub.com\/doi\/pdf\/10.1177\/2042753015571839\" target=\"_blank\" rel=\"noreferrer noopener\">Mayes, J. T. (2015).<\/a>&nbsp;Still to learn from vicarious learning.&nbsp;<em>E-learning and digital media<\/em>,&nbsp;<em>12<\/em>(3-4), 361-371.&nbsp;<\/p>\n\n\n\n<p><a href=\"https:\/\/onlinelibrary.wiley.com\/doi\/pdf\/10.1046\/j.1365-2729.1998.1420110.x?casa_token=E5g9caJkhyQAAAAA:Q3YU8lsNRiLhsOSbg1RhOwWaQs-yBlG93scfFoTVhC7G3I87ntiD3EzTxoXQnig7ea9yDGtaUSFmh-Q\" target=\"_blank\" rel=\"noreferrer noopener\">McKendree, J., Stenning, K., Mayes, T., Lee, J., &amp; Cox, R. (1998<\/a>). Why observing a dialogue may benefit learning.&nbsp;&nbsp;<em>Journal of Computer Assisted Learning,&nbsp;14<\/em>(2), 110-119.<\/p>\n\n\n\n<p><a href=\"https:\/\/education.asu.edu\/sites\/default\/files\/lcl\/jep-muldner-10-14-2013_2.pdf\" target=\"_blank\" rel=\"noreferrer noopener\">Muldner, K., Lam, R., &amp; Chi, M. T. (2014).<\/a>&nbsp;Comparing learning from observing and from human tutoring.&nbsp;<em>Journal of Educational Psychology, 106<\/em>(1), 69-85.&nbsp;<\/p>\n\n\n\n<p><a href=\"https:\/\/citeseerx.ist.psu.edu\/document?doi=aaa8151d0026f10291a7e6aea33ea9ed4d9a4209&amp;repid=rep1&amp;type=pdf\" target=\"_blank\" rel=\"noreferrer noopener\">Muller, D. (2008).<\/a>&nbsp;<em>Designing effective multimedia for physics education<\/em>&nbsp;[Doctoral dissertation]. University of Sydney, Australia.<\/p>\n\n\n\n<p><\/p>\n\n\n\n<a name=\"design\"><\/a>\n\n\n\n<p><a href=\"https:\/\/link.springer.com\/article\/10.1007\/s11251-007-9017-6\" target=\"_blank\" rel=\"noreferrer noopener\">Muller, D., Sharma, M. D., Eklund, J., &amp; Reimann, P. (2007).<\/a>&nbsp;Conceptual change through vicarious learning in an authentic physics setting.&nbsp;<em>Instructional Science<\/em>,&nbsp;<em>35<\/em>(6), 519\u2013533.&nbsp;<\/p>\n\n\n\n<p class=\"has-text-color has-link-color wp-elements-0412ddbb9ecbf2f1d1d1cac3efdb16e9\" style=\"color:#2759c5\"><strong>Design Principles<\/strong><\/p>\n\n\n\n<p><em>For effective video-based online learning environments.<\/em><\/p>\n\n\n\n<p><a href=\"https:\/\/www.learntechlib.org\/p\/6021\/\">Karppinen, P. (2005).<\/a>&nbsp;Meaningful learning with digital and online videos: Theoretical perspectives.&nbsp;<em>AACE Journal<\/em>,&nbsp;<em>13<\/em>(3), 233\u2013250.<\/p>\n\n\n\n<p><a href=\"https:\/\/www.researchgate.net\/publication\/326972139_Computer_Support_for_Vicarious_Learning\" target=\"_blank\" rel=\"noreferrer noopener\">Monthienvichienchai, R., &amp; Sasse, M. A. (2002).<\/a>&nbsp;<em>Computer support for vicarious learning<\/em>. Paper presented at the E-Learn 2002 Conference.&nbsp;<\/p>\n\n\n\n<p><a href=\"https:\/\/onlinelibrary.wiley.com\/doi\/pdf\/10.1002\/sce.20244?casa_token=O1rlqrE3yIUAAAAA:eyQKo-U-YLA1_17IgxiKCKHIMVt0oZUcZisVyjZkVOoNJMA68JF963X5DZIgCuXGGHLYfcvbJR64Wbw\">Muller, D., Sharma, M. D., &amp; Reimann, P. (2008).<\/a>&nbsp;Raising cognitive load with linear multimedia to promote conceptual change.&nbsp;<em>Science Education<\/em>,&nbsp;<em>92<\/em>(2), 278\u2013296<\/p>\n\n\n\n<p><a href=\"https:\/\/www.jstor.org\/stable\/27119226?casa_token=uP72j4cDyKcAAAAA%3A84lzLo3OtsgY9Ka--T3029Lvfiu1gLatQoxpWIp1RGjFxhMhnm-JkDN1VKpmjD-ld3r1DDKbATCBYpPVCgiPAwnKV0WWtVxSGAsu2_QOaAm6eE3kFdM\" target=\"_blank\" rel=\"noreferrer noopener\">Seethaler, S., Burgasser, A. J., Bussey, T. J., Eggers, J., Lo, S. M., Rabin, J. M., Stevens, L., &amp; Weizman, H. (2020).<\/a>&nbsp;A research-based checklist for development and critique of STEM instructional videos.&nbsp;<em>Journal of College Science Teaching<\/em>,&nbsp;<em>50<\/em>(1), 21-27.<\/p>\n\n\n\n<p><a href=\"https:\/\/pdfcoffee.com\/effective-learning-and-virtual-learning-pdf-free.html\" target=\"_blank\" rel=\"noreferrer noopener\">Stiles, M. J. (2000).<\/a>&nbsp;Effective learning and the virtual learning environment. In&nbsp;<em>Proceedings of the European University Information Systems Congress<\/em>&nbsp;(pp.171-180).<\/p>\n\n\n\n<p><a href=\"https:\/\/par.nsf.gov\/servlets\/purl\/10232572\" target=\"_blank\" rel=\"noreferrer noopener\">Weinberg, A. &amp; Martin, J. (2020).<\/a>&nbsp;Creating and using videos for teaching math: Suggestions from the field.&nbsp;<em>MAA FOCUS<\/em>, 40(4), pp. 20-23.<\/p>\n\n\n\n<a name=\"online\"><\/a>\n\n\n\n<p><a href=\"https:\/\/mathtalk.sdsu.edu\/wordpress\/wp-content\/uploads\/2024\/07\/Young_Asenio.pdf\" data-type=\"attachment\" data-id=\"6350\" target=\"_blank\" rel=\"noreferrer noopener\">Young, C., &amp; Asensio, M. (2002).<\/a> Looking through three \u2018I\u2019s: The pedagogic use of streaming video. In S. Banks, P. Goodyear, V. Hodgson, &amp; D. Mcconnell (Eds.),&nbsp;<em>Proceedings of the 3<sup>rd<\/sup>&nbsp;International Conference onNetworked Learning&nbsp;<\/em>(pp. 628-635). Sheffield University Press.&nbsp;<\/p>\n\n\n\n<p class=\"has-text-color has-link-color wp-elements-007178fc6af14b9b8157900cb52e6149\" style=\"color:#2759c5\"><strong>Video Use<\/strong><\/p>\n\n\n\n<p><em>The use of videos in online and classroom environments.&nbsp;<\/em><\/p>\n\n\n\n<p><a href=\"https:\/\/www.learntechlib.org\/p\/39273\/\" target=\"_blank\" rel=\"noreferrer noopener\">Bowers, J., Passentino, G., &amp; Connors, C. (2012).<\/a>&nbsp;What is the complement to a procedural video?&nbsp;<em>Journal of Computers in Mathematics and Science Teaching<\/em>,&nbsp;<em>31<\/em>(3), 213\u2013248.<\/p>\n\n\n\n<p><a href=\"https:\/\/link.springer.com\/article\/10.1007\/s10639-022-11143-z\" target=\"_blank\" rel=\"noreferrer noopener\">G\u00fcler, M., Koko\u00e7, M., &amp; \u00d6nder B\u00fct\u00fcner, S. (2023).<\/a>&nbsp;Does a \ufb02ipped classroom model work in mathematics education? A meta-analysis.&nbsp;<em>Education and Information Technologies, 28<\/em>(1), 57-79.&nbsp;<\/p>\n\n\n\n<p><a href=\"https:\/\/www.google.com\/books\/edition\/The_Impact_of_Tablet_PCs_and_Pen_based_T\/NQycDT_UVpMC?hl=en&amp;gbpv=1&amp;dq=Hamilton,+E.,+%26+Harding,+N.+(2010).+Tablet+computing,+creativity+and+teachers+as+applied+microgenetic+analysis:+A+paradigm+shift+in+math+teacher+professional+development&amp;pg=PA47&amp;printsec=frontcover\" target=\"_blank\" rel=\"noreferrer noopener\">Hamilton, E., &amp; Harding, N. (2010).<\/a>&nbsp;Tablet computing, creativity and teachers as applied microgenetic analysis: A paradigm shift in math teacher professional development. In R. H. Reed &amp; D. A. Berque (Eds.),&nbsp;<em>Impact of tablet PCs and pen-based technology on education<\/em>:&nbsp;<em>Going mainstream&nbsp;<\/em>(pp. 47-56). Purdue University Press.&nbsp;<\/p>\n\n\n\n<p><a href=\"https:\/\/net-workingworlds.weebly.com\/uploads\/1\/5\/1\/5\/15155460\/the-one-world-schoolhouse-salman-khan.pdf\">Khan, S. (2012).&nbsp;<em>The one world school house: Education reimagined<\/em>.<\/a>&nbsp;New York, NY: Hachette Book Group.&nbsp;<\/p>\n\n\n\n<p><a href=\"https:\/\/www.klinger.nrw\/wp-content\/uploads\/2022\/03\/29.1.3_KlingerWalter_final.pdf\">Klinger, M., &amp; Walter, D. (2022).<\/a>&nbsp;How users review frequently used apps and videos containing mathematics.&nbsp;<em>International Journal for Technology in Mathematics Education<\/em>,&nbsp;<em>29<\/em>(1), 25-35.<\/p>\n\n\n\n<p><a href=\"https:\/\/blog.mrmeyer.com\/2014\/what-students-do-and-dont-do-in-khan-academy\/\" target=\"_blank\" rel=\"noreferrer noopener\">Meyer, D. (2014).<\/a>&nbsp;<em>What students do (and don\u2019t do) in Khan Academy<\/em>.&nbsp;<\/p>\n\n\n\n<p><a href=\"https:\/\/www.sri.com\/wp-content\/uploads\/2021\/12\/2014-03-07_implementation_briefing.pdf\">Murphy, R., Gallagher, L., Krumm, A. E., Mislevy, J., &amp; Hafter, A. (2014).<\/a>&nbsp;<a href=\"https:\/\/ictlogy.net\/bibliography\/reports\/projects.php?idp=2667\"><em>Research on the use of Khan academy in schools: Implementation report<\/em><\/a>. SRI International.&nbsp;<\/p>\n\n\n\n<p><a href=\"https:\/\/link.springer.com\/article\/10.1007\/s11858-020-01131-3\">Oechsler, V., &amp; Borba, M. C. (2020).<\/a>&nbsp;Mathematical videos, social semiotics and the changing classroom.&nbsp;<em>ZDM<\/em>,&nbsp;<em>52<\/em>(5), 989-1001.<\/p>\n\n\n\n<p><a href=\"https:\/\/www.tandfonline.com\/doi\/abs\/10.1080\/0020739X.2018.1426794\" target=\"_blank\" rel=\"noreferrer noopener\">Weinberg, A., &amp; Thomas, M. (2018).<\/a>&nbsp;Student learning and sense-making from video lectures.&nbsp;<em>International Journal of Mathematical Education in Science and Technology, 49<\/em>(6), 922-943.&nbsp;<\/p>\n\n\n\n<p><a href=\"https:\/\/link.springer.com\/article\/10.1007\/s40753-022-00192-x\" target=\"_blank\" rel=\"noreferrer noopener\">Weinberg, A., Corey, D. L., Tallman, M., Jones, S. R., &amp; Martin, J. (2022).<\/a>&nbsp;Observing intellectual need and its relationship with undergraduate students\u2019 learning of calculus.&nbsp;<em>International Journal of Research in Undergraduate Mathematics Education<\/em>.&nbsp;<\/p>\n\n\n\n<p><a href=\"https:\/\/www.sciencedirect.com\/science\/article\/pii\/S1096751621000154?casa_token=5_FO014begAAAAAA:J45EFORZ5cL2_RxfAADo_caZ-O5CM_xoZkvC0KPN1zLGYvc1w414OGg5PuqMLgiuSYm8ISLmFQ\" target=\"_blank\" rel=\"noreferrer noopener\">Yoon, M., Lee, J., &amp; Jo, I. H. (2021).<\/a>&nbsp;Video learning analytics: Investigating behavioral patterns and learner clusters in video-based online learning.&nbsp;<em>The Internet and Higher Education<\/em>,&nbsp;<em>50<\/em>, 100806.<\/p>\n\n\n\n<div class=\"wp-block-buttons is-layout-flex wp-block-buttons-is-layout-flex\">\n<div class=\"wp-block-button\"><a class=\"wp-block-button__link has-background\" href=\"https:\/\/mathtalk.sdsu.edu\/wordpress\/\" style=\"background-color:#2d4059\">Home<\/a><\/div>\n\n\n\n<div class=\"wp-block-button\"><a class=\"wp-block-button__link has-background\" href=\"https:\/\/mathtalk.sdsu.edu\/wordpress\/mathtalk-for-researchers\/\" style=\"background-color:#2d4059\">Researchers Home<\/a><\/div>\n<\/div>\n","protected":false},"excerpt":{"rendered":"<p>Vicarious Learning&nbsp;&nbsp;&nbsp;&nbsp;&nbsp;Design Principles&nbsp;&nbsp;&nbsp;&nbsp;&nbsp;Video Use Vicarious Learning Learning by observing video- or audio-taped presentations of other people engaged in dialogue. Boesdorfer, S., Lorsbach, A., &amp; Morey, M. (2011).&nbsp;Using a vicarious learning event to create a conceptual change in preservice teachers\u2019 understandings of the seasons.&nbsp;Electronic Journal of Science Education,&nbsp;15(1).&nbsp; Chi, M., Roy, M., &amp; Hausmann, R. (2008).&nbsp;Observing [&hellip;]<\/p>\n","protected":false},"author":2,"featured_media":0,"parent":155,"menu_order":0,"comment_status":"closed","ping_status":"closed","template":"","meta":{"footnotes":""},"class_list":["post-521","page","type-page","status-publish","hentry"],"_links":{"self":[{"href":"https:\/\/mathtalk.sdsu.edu\/wordpress\/wp-json\/wp\/v2\/pages\/521","targetHints":{"allow":["GET"]}}],"collection":[{"href":"https:\/\/mathtalk.sdsu.edu\/wordpress\/wp-json\/wp\/v2\/pages"}],"about":[{"href":"https:\/\/mathtalk.sdsu.edu\/wordpress\/wp-json\/wp\/v2\/types\/page"}],"author":[{"embeddable":true,"href":"https:\/\/mathtalk.sdsu.edu\/wordpress\/wp-json\/wp\/v2\/users\/2"}],"replies":[{"embeddable":true,"href":"https:\/\/mathtalk.sdsu.edu\/wordpress\/wp-json\/wp\/v2\/comments?post=521"}],"version-history":[{"count":15,"href":"https:\/\/mathtalk.sdsu.edu\/wordpress\/wp-json\/wp\/v2\/pages\/521\/revisions"}],"predecessor-version":[{"id":6449,"href":"https:\/\/mathtalk.sdsu.edu\/wordpress\/wp-json\/wp\/v2\/pages\/521\/revisions\/6449"}],"up":[{"embeddable":true,"href":"https:\/\/mathtalk.sdsu.edu\/wordpress\/wp-json\/wp\/v2\/pages\/155"}],"wp:attachment":[{"href":"https:\/\/mathtalk.sdsu.edu\/wordpress\/wp-json\/wp\/v2\/media?parent=521"}],"curies":[{"name":"wp","href":"https:\/\/api.w.org\/{rel}","templated":true}]}}